{"id":749,"date":"2023-03-07T11:39:31","date_gmt":"2023-03-07T11:39:31","guid":{"rendered":"https:\/\/bestowconsultancy.com\/?page_id=749"},"modified":"2025-08-14T17:46:11","modified_gmt":"2025-08-14T17:46:11","slug":"hr-services","status":"publish","type":"page","link":"https:\/\/bestowconsultancy.com\/index.php\/hr-services\/","title":{"rendered":"HR Services"},"content":{"rendered":"\t\t<div data-elementor-type=\"wp-page\" data-elementor-id=\"749\" class=\"elementor elementor-749\">\n\t\t\t\t\t\t<div class=\"elementor-inner\">\n\t\t\t\t<div class=\"elementor-section-wrap\">\n\t\t\t\t\t\t\t\t\t<section class=\"elementor-section elementor-top-section elementor-element elementor-element-2617421 elementor-section-boxed elementor-section-height-default elementor-section-height-default\" data-id=\"2617421\" data-element_type=\"section\">\n\t\t\t\t\t\t<div class=\"elementor-container elementor-column-gap-default\">\n\t\t\t\t\t\t\t<div class=\"elementor-row\">\n\t\t\t\t\t<div class=\"elementor-column elementor-col-100 elementor-top-column elementor-element elementor-element-8613e27\" data-id=\"8613e27\" data-element_type=\"column\">\n\t\t\t<div class=\"elementor-column-wrap elementor-element-populated\">\n\t\t\t\t\t\t\t<div class=\"elementor-widget-wrap\">\n\t\t\t\t\t\t<div class=\"elementor-element elementor-element-8e6fa89 elementor-widget elementor-widget-text-editor\" data-id=\"8e6fa89\" data-element_type=\"widget\" data-widget_type=\"text-editor.default\">\n\t\t\t\t<div class=\"elementor-widget-container\">\n\t\t\t<style>\/*! elementor - v3.15.0 - 20-08-2023 *\/\n.elementor-widget-text-editor.elementor-drop-cap-view-stacked .elementor-drop-cap{background-color:#69727d;color:#fff}.elementor-widget-text-editor.elementor-drop-cap-view-framed .elementor-drop-cap{color:#69727d;border:3px solid;background-color:transparent}.elementor-widget-text-editor:not(.elementor-drop-cap-view-default) .elementor-drop-cap{margin-top:8px}.elementor-widget-text-editor:not(.elementor-drop-cap-view-default) .elementor-drop-cap-letter{width:1em;height:1em}.elementor-widget-text-editor .elementor-drop-cap{float:left;text-align:center;line-height:1;font-size:50px}.elementor-widget-text-editor .elementor-drop-cap-letter{display:inline-block}<\/style>\t\t\t\t\t<div class=\"elementor-text-editor elementor-clearfix\">\n\t\t\t\t1. Payroll Processing\n<\/br>\n<strong>Services provided :<\/strong>\n<\/br>\n  &#8211; Provide complete solution each month\n<\/br>\nPayroll processing is a complex and time-consuming task that requires a thorough understanding of tax laws and labor regulations. The process typically includes the following steps:\n<\/br>\n1. Calculating Gross Pay: The total amount of money an employee earns before taxes and deductions are taken out.\n<\/br>\n2. Determining Deductions: This includes calculating federal, state, and local taxes, Social Security, and Medicare contributions, and any other deductions such as health insurance or 401(k) contributions.\n<\/br>\n3. Net Pay Calculation: The remaining amount of money an employee receives after all taxes and deductions are taken out.\n<\/br>\n4. Payroll Disbursement: This involves distributing the net pay to employees through a payment method such as direct deposit or a physical check.\n<\/br>Payroll processing can be done in-house by the organization, or it can be outsourced to a payroll processing service. Many organizations opt to use payroll processing services because it saves time and resources and reduces the risk of errors and non-compliance with tax laws and labor regulations.\n<\/br>\n2. ESI Registration\n<\/br>\n3. ESI Return Filing\n<\/br>\n4. EPF Registration\n<\/br>\n5. EPF Return Filing\t\t\t\t\t<\/div>\n\t\t\t\t\t\t<\/div>\n\t\t\t\t<\/div>\n\t\t\t\t\t\t<\/div>\n\t\t\t\t\t<\/div>\n\t\t<\/div>\n\t\t\t\t\t\t\t\t<\/div>\n\t\t\t\t\t<\/div>\n\t\t<\/section>\n\t\t\t\t\t\t\t\t\t<\/div>\n\t\t\t<\/div>\n\t\t\t\t\t<\/div>\n\t\t","protected":false},"excerpt":{"rendered":"<p>\u0130\u00e7sel d\u00fcrt\u00fcler oyuncular\u0131 harekete luks-casino ge\u00e7irir. Bu, \u015funu yapman\u0131za yard\u0131mc\u0131 olur farkl\u0131 oyunlar\u0131 denemek b\u00fct\u00e7eniz dahilinde. Kumarhane avantaj\u0131 anlamak oyun se\u00e7imini iyile\u015ftirir. Ki\u015fisel limitler belirlemek ak\u0131ll\u0131ca bir harekettir: Kullanmayaca\u011f\u0131n\u0131z bir promosyon i\u00e7in asla para yat\u0131rmay\u0131n. \u0130nternet oyunlar\u0131 b\u00fcy\u00fcmesi, eri\u015filebilirlik ve geni\u015flik ile kapsay\u0131c\u0131l\u0131k gibi fakt\u00f6rlere ba\u011flanabilir. Bankac\u0131l\u0131k se\u00e7enekleri g\u00fcvenlidir, e-c\u00fczdanlar ile h\u0131zl\u0131 \u00f6demeleri destekler. Zaman [&hellip;]<\/p>\n","protected":false},"author":1,"featured_media":0,"parent":0,"menu_order":0,"comment_status":"closed","ping_status":"closed","template":"","meta":{"footnotes":""},"_links":{"self":[{"href":"https:\/\/bestowconsultancy.com\/index.php\/wp-json\/wp\/v2\/pages\/749"}],"collection":[{"href":"https:\/\/bestowconsultancy.com\/index.php\/wp-json\/wp\/v2\/pages"}],"about":[{"href":"https:\/\/bestowconsultancy.com\/index.php\/wp-json\/wp\/v2\/types\/page"}],"author":[{"embeddable":true,"href":"https:\/\/bestowconsultancy.com\/index.php\/wp-json\/wp\/v2\/users\/1"}],"replies":[{"embeddable":true,"href":"https:\/\/bestowconsultancy.com\/index.php\/wp-json\/wp\/v2\/comments?post=749"}],"version-history":[{"count":6,"href":"https:\/\/bestowconsultancy.com\/index.php\/wp-json\/wp\/v2\/pages\/749\/revisions"}],"predecessor-version":[{"id":1451,"href":"https:\/\/bestowconsultancy.com\/index.php\/wp-json\/wp\/v2\/pages\/749\/revisions\/1451"}],"wp:attachment":[{"href":"https:\/\/bestowconsultancy.com\/index.php\/wp-json\/wp\/v2\/media?parent=749"}],"curies":[{"name":"wp","href":"https:\/\/api.w.org\/{rel}","templated":true}]}}